*n**4 - n - 3/10*n**5 + 1/3*n**3. Give p(l).
-5
Let m(r) = -134*r + 7231 + 155*r - 7237. What is m(0)?
-6
Let s(v) = -19*v**3 - 115*v**2 - 77*v + 41. Let p(d) = -3*d**3 - 19*d**2 - 13*d + 7. Let b(t) = -13*p(t) + 2*s(t). Give b(-16).
7
Let r(g) = -g - 17. Suppose 0 = 15*t - 12*t - 12. Suppose -18*n = t*q - 14*n + 40, q - 5*n = -28. What is r(q)?
-4
Let l(n) be the second derivative of -n**7/360 + n**6/720 - n**5/120 + n**4/2 + 9*n**2/2 + 10*n + 4. Let u(o) be the third derivative of l(o). Calculate u(1).
-7
Let y be (-176)/(-55)*(-220)/(-8). Let f(i) = -90*i - 83*i + 2 - y*i + 250*i. Calculate f(1).
-9
Let p(j) = j**2 - j - 1. Let x(w) = w - 47. Let s be x(14). Let k be 4/3 + (-22)/s. Let d be -1 + -3 + (4 - k). Give p(d).
5
Let o(f) = 4*f**2 - 2*f - 8. Let m be o(0). Let a(y) = -7 + 5*y + 8 - y**3 - 7 - 7*y**2 - 2. Calculate a(m).
16
Let d(b) = -4*b**2 - 3*b + 5. Let n(k) = -3*k + 32. Let o be n(9). Let j(x) = 3*x**2 + 4*x - 6. Let a(h) = o*j(h) + 4*d(h). Determine a(8).
-10
Let s(i) be the second derivative of i**5/20 - 25*i**4/12 + 23*i**3/3 - i**2 + 4078*i. Give s(23).
-2
Let y(j) = -j**2 - 20*j + 39. Suppose 19*q = 7*q - 27*q + 78. Give y(q).
-5
Let g(i) = -15*i**3 - 6*i**2 - 4*i + 1. Let j be (-504)/(-1134) + 13/(-9). Calculate g(j).
14
Let g(j) = -80*j**3 + 3*j**2 + 10*j - 18. Let f(n) = -44*n**3 + n**2 + 6*n - 9. Let o(k) = -11*f(k) + 6*g(k). Calculate o(-2).
-1
Let d be 6 - ((-27 - -13) + 13)/((-2)/12). Let w(t) = t**3 - t**2 + 2*t + 1. Determine w(d).
1
Let h(m) = m**3 + 14*m**2 + 38*m - 11. Let s be h(-7). Let v(u) = -61*u + 3*u**2 - 4*u**2 + s*u + 6. Give v(5).
6
Let n(r) = -3*r + 7. Let j(t) be the first derivative of 39*t**2/2 + 43*t - 156. Let d be j(-1). Give n(d).
-5
Let n(t) = t**3 - 35*t**2 + 68*t - 61. Suppose -18*m - 59*m + 8316 = 175*m. Give n(m).
5
Let p be -9 + 10 - 2*(-2)/4. Let a(w) = 3*w**2 + 4 + w**2 - 3*w**p. What is a(-6)?
40
Let f(p) = -6*p**3 + 14*p**2 - 15*p + 24. Let h(x) = x**3 + 3*x - 3. Let a(l) = f(l) + 5*h(l). Calculate a(14).
9
Let y(g) = -19*g + g**2 - 71 + 192*g - 189*g. Give y(19).
-14
Let b be (-35)/(-4) - (-10 + (-559)/(-52)). Let l(q) = -q**2 + 6*q + 12. Determine l(b).
-4
Let r(j) = j**2 + 16*j + 18. Let c be r(-15). Suppose -q - 6 + 0 = -z, c*z - 2*q = 13. Let l(v) = -2*v**2 + 0*v + 2*v**2 + v + 5*v**2. Calculate l(z).
6
Let n(z) = z. Let v(u) = 7*u + 154. Let t(b) = 2*n(b) - v(b). Let a be t(-30). Let j(l) = -l**3 - 2*l**2 + 2*l - 5. Determine j(a).
19
Suppose 5*h + 19 = -253*u + 256*u, 0 = -3*h + 3*u - 3. Let m(s) = -s**3 - 7*s**2 + 14*s + 40. What is m(h)?
-8
Let a(m) = 18*m**3 - m. Let o(t) = t - 11. Let y be 1 + 3*4/12 - -13. Suppose -j - 5*w = -y, -3 = -4*w + 1. Let v be o(j). Give a(v).
-17
Suppose -103 = -5*z - 2*v + 276, 3*z - 2*v = 221. Let i be (-6)/(-18) + z/(-9). Let o(t) be the second derivative of t**3/6 + 5*t**2/2 + 2*t. Calculate o(i).
-3
Let c be (-34)/(-6) - (-12)/(-18). Let u(t) be the second derivative of t**3/6 + t**2/2 - 43*t. Let o(k) = 7*k + 8. Let i(a) = o(a) - 6*u(a). What is i(c)?
7
Let f(y) be the third derivative of -y**6/40 - y**5/60 + y**4/12 - y**2. Let c be 7/6 + (-2)/12. Suppose -3*m = 5*n + c - 0, -4*m = n - 10. Calculate f(n).
16
Let h(m) be the second derivative of -m**5/20 + 2*m**4/3 + 4*m**3/3 + m**2 - 6*m - 6. Let f(l) = -3*l**2 + 96*l + 9. Let g be f(32). Calculate h(g).
-7
Let h(x) = -2*x**2 + 4*x - 135. Let m(q) = q**2 - 2*q + 76. Let o(j) = 6*h(j) + 11*m(j). Calculate o(6).
2
Let c(x) = -x + 19. Let r(t) = -8*t - 27. Let n(b) = -2*c(b) - r(b). Calculate n(5).
39
Let x(h) = -379*h - 3039. Let z be x(-8). Let i(p) = 2*p - 1. What is i(z)?
-15
Let p(j) be the first derivative of j**3/3 - 2*j**2 - 8*j + 262. Give p(-3).
13
Let l(h) = -h**2 - 6*h + 3. Let r be l(-4). Let q(g) = 13*g**2 + g**3 - 25*g**2 - 22673 + 5*g + 22661 + 7*g. Give q(r).
-1
Let p(x) = -x**3 - 3*x**2 + 106*x + 320. Let y be p(-3). Let v(f) be the second derivative of -3*f - f**y + 0 + 1/6*f**3. What is v(-5)?
-7
Suppose 165*m + 137 + 88 = 60. Let a(y) be the third derivative of 9*y**4/8 - y**3/6 - 3*y**2. Determine a(m).
-28
Let u(t) be the second derivative of t**5/20 + 7*t**4/12 + 7*t**3/6 + 6*t**2 + 124*t + 1. Calculate u(-5).
27
Let p(b) = -4*b + 8*b + 29 - b**2 - 38*b - 5 + 85. What is p(-37)?
-2
Let t(m) be the second derivative of -m**5/20 - 11*m**4/12 + 5*m**3 + 5*m**2 + 3024*m. Calculate t(-13).
-42
Let h(u) = -u**3 - 45*u**2 - 166*u. Let f be h(-4). Let l(c) = -11*c - 5. Determine l(f).
-93
Let c(n) = -33 + 12*n + 17 + 15. Suppose -22 = 5*q + 3*j - 15, 2*q - 4*j - 18 = 0. Calculate c(q).
11
Let r(j) = 28*j + 145. Let p(a) = -27*a - 194. Let o(i) = 3*p(i) + 4*r(i). What is o(-2)?
-64
Suppose -4*n = -y + 3, 2*y + 0 = 6. Let k be 2 + (6 + -3 - 8). Let m(g) = -g**2 + 4*g. Let d(i) = -2*i**2 + 7*i. Let o(q) = k*d(q) + 5*m(q). Determine o(n).
0
Let p = 63 - 61. Let y(v) = 7*v - 4 + 0*v**2 + 10 - 3*v**2 + p*v**2. Determine y(6).
12
Let s(w) = 5*w - 3*w - 3*w - 3. Suppose 0*u = 4*u + 3*t - 42, 5*u + 3*t - 54 = 0. Suppose 5*k - 8*g = -u*g + 37, 0 = -5*g - 10. Determine s(k).
-12
Let m(t) be the second derivative of -t**4/12 + 19*t**3/6 - 36*t**2 - 138*t + 1. What is m(5)?
-2
Let w be (-1)/(-12) + 1003/204. Let y(b) = -13*b - 1. Let l(g) = 22*g + 2. Let r(u) = w*y(u) + 3*l(u). Let s(i) = -i + 9. Let p be s(0). What is r(p)?
10
Let d(v) be the second derivative of -v**3 - 69*v**2/2 - 4*v + 249. Determine d(-10).
-9
Let t(a) = 4*a + 20. Let v be t(-8). Let u be v/8*(-24)/9. Suppose -5 = 5*k - u*r, 3*k - 12 = -3*r + 12. Let f(s) = -2*s + 3. What is f(k)?
-3
Let u(c) be the third derivative of -c**8/6720 - c**7/504 + c**5/20 - 5*c**4/12 + c**2 + 6. Let y(x) be the second derivative of u(x). Give y(-5).
6
Let l be 4/(-30) - (-122420)/150. Let a = l - 813. Let x(z) = z**3 - 4*z**2 - 4*z + 3. Calculate x(a).
-18
Let x(d) = 2*d**2 + 8*d - 6. Suppose 0 = 3*c + 5*y + 8, 2*c + 6 = -114*y + 111*y. Calculate x(c).
18
Let d(w) be the third derivative of w**5/60 - w**4/12 - w**3/3 + 1029*w**2 - w. Suppose 5*x = 2*t - 2, -5*x = -4*t - 4*x - 14. What is d(t)?
22
Let x be 1 - 22*(-1)/2. Suppose s + f - 3 - 3 = 0, -4*s + 5*f = x. Let h(p) be the third derivative of -5*p**4/24 + p**3/2 - 16*p**2 + 5*p. Give h(s).
-7
Let i(y) = 2*y. Let z(d) = 8*d**3 + 3*d**2 - 3*d. Let w be z(2). Let f = 31 - w. Let a be (-2)/(-5) + 1 + f/(-15). Calculate i(a).
8
Let l(k) = -k**3 - 35*k**2 - 21*k + 8. Let m(d) = 3*d**3 + 102*d**2 + 57*d - 24. Let j(i) = 11*l(i) + 4*m(i). Give j(-23).
61
Let n = -23812 - -23768. Let c(m) = 4*m + 175. What is c(n)?
-1
Suppose 21 = 4*b + 4*g - 127, b = g + 33. Let o(j) = 2*j**3 - 2 + 16*j**2 - 4*j**3 - b*j**2 + 5*j**2 + j + j**3. What is o(-14)?
-16
Suppose 0 = 2*o + 4*v, -5 = 5*v - 0. Let f(y) = y + y**o + 2*y + y + 11 - 2*y - 9*y. Calculate f(6).
5
Suppose 859 = -517*t - 532 - 160. Let v(w) = 7*w + 41. What is v(t)?
20
Suppose 0*f + 8 = -f. Let j(q) be the first derivative of q**3/3 + 7*q**2/2 + 4*q - 10932. Determine j(f).
12
Let v(l) = 27*l**3 + 43*l**2 - 47*l - 65. Let q(x) = -10*x**3 - 15*x**2 + 16*x + 22. Let n be 180/21 + (-136)/238. Let d(a) = n*q(a) + 3*v(a). Give d(-10).
11
Let p be (-72)/15 + 4/5. Let q(r) = -34*r**3 + 5*r**2 - 36*r**3 - 33*r**3 - 3 - 28*r**3 + 5*r + 132*r**3. What is q(p)?
-7
Let h = 254 - 27. Let v = 224 - h. Let s(i) = -i**2 - 2*i - 1. Determine s(v).
-4
Let a be 15 + (-15)/(15/14). Let p(f) = -66*f**2 + 2*f - 1. Calculate p(a).
-65
Let p(f) = -2*f**3 + 5*f**2 - 5*f - 6. Let t(g) = g**3 - 2*g**2 + 2*g + 3. Let n(r) = -3*p(r) - 5*t(r). Let w = 394 - 858. Let a = w + 468. Give n(a).
7
Let v(a) be the first derivative of a**5/20 - 2*a**4/3 + 2*a**3/3 + a**2 - 35*a + 88. Let f(w) be the first derivative of v(w). What is f(7)?
-19
Let n(c) be the first derivative of c**4/4 + c**3/3 - 3*c + 42. Suppose 0 = 48*p - 34*p. Determine n(p).
-3
Let o(g) be the third derivative of 2*g**4/3 + 3*g**3/2 + 33*g**2. Let z(f) = 16*f + 11. Let u(i) = 7*o(i) - 6*z(i). Give u(3).
45
Suppose 24 = -p - 2*p. Let m be 360 - (48/(-168))/(1/(-21)). Let u(w) = -2*w - 175 - 186 + m. Determine u(p).
9
Let v be 186/60 + 8/(-80). Suppose v*a + 4*c = -19 + 12, 0 = 3*a - 3*c. Let t(z) be the second derivative of 3*z**3/2 - z. Determine t(a).
-9
Let y(n) = 2 + 1 + n**2 - 10*n - 4 - n. Let d(f)